mposite number?
False
Is 1802186107 a composite number?
True
Is 10341293245 prime?
False
Is 184149989 a prime number?
False
Is 3118089781 a composite number?
True
Is 186109171 a composite number?
False
Is 1412384773 a prime number?
True
Is 18481301593 a prime number?
False
Is 5172419003 prime?
True
Is 717564461 prime?
True
Is 3040230443 a prime number?
True
Is 142755080371 a composite number?
False
Is 12798508231 prime?
False
Is 7788819503 prime?
True
Is 7574145793 composite?
True
Is 325076267 a prime number?
True
Is 1172320519 prime?
False
Is 21262735913 a composite number?
False
Is 358551398 a prime number?
False
Is 137442937 composite?
True
Is 270911021 a prime number?
False
Is 3225814241 a composite number?
True
Is 5508864527 prime?
False
Is 695279881 a composite number?
True
Is 72278159053 a prime number?
True
Is 687521698 a composite number?
True
Is 4190228761 a composite number?
True
Is 4528751857 a prime number?
False
Is 546567179 composite?
False
Is 1106620721 a composite number?
False
Is 22231133889 a composite number?
True
Is 5674576207 a composite number?
True
Is 388046543 a composite number?
False
Is 27993145909 a composite number?
True
Is 105103457981 prime?
False
Is 45775571 a prime number?
True
Is 1457317351 prime?
False
Is 13307083207 a prime number?
False
Is 331380059 a prime number?
False
Is 395061721 composite?
False
Is 237254409101 prime?
True
Is 4477289239 composite?
False
Is 2193671527 prime?
True
Is 427522685 prime?
False
Is 7019690807 a composite number?
False
Is 1019521001 a composite number?
False
Is 138564233 a composite number?
True
Is 147570504899 a prime number?
True
Is 1808430197 a composite number?
True
Is 4905081941 a prime number?
False
Is 1210462411 composite?
True
Is 1692854803 prime?
False
Is 740991301 a composite number?
False
Is 14853313487 a composite number?
False
Is 219892657 composite?
False
Is 160448153 composite?
True
Is 2084100427 prime?
False
Is 2371180439 prime?
True
Is 26520925159 a composite number?
False
Is 33245504603 composite?
True
Is 1130674663 composite?
True
Is 589078433 a composite number?
True
Is 13157152097 prime?
False
Is 37248691801 composite?
False
Is 5835685307 composite?
False
Is 803556407 a prime number?
True
Is 881482831 composite?
False
Is 2025825083 composite?
False
Is 2115769281 a prime number?
False
Is 3110150429 a prime number?
False
Is 1856870839 composite?
True
Is 23086232993 composite?
False
Is 202353881 a composite number?
False
Is 5918229253 composite?
True
Is 27000747623 a prime number?
True
Is 4371054407 a composite number?
True
Is 853328087 composite?
True
Is 2987331531 a prime number?
False
Is 214182551 prime?
False
Is 5476755029 a prime number?
False
Is 10527923 a composite number?
True
Is 100169279257 a composite number?
False
Is 5918441297 prime?
False
Is 64477140766 a prime number?
False
Is 30257940847 a prime number?
False
Is 1068226567 composite?
False
Is 1160258479 a prime number?
False
Is 8239285543 a composite number?
True
Is 5518989323 a composite number?
False
Is 19176883463 prime?
True
Is 12207030541 a composite number?
False
Is 17437579 composite?
False
Is 226471083 a composite number?
True
Is 71132494549 a composite number?
True
Is 119236391 a composite number?
False
Is 2285375371 prime?
True
Is 28325031157 prime?
False
Is 78112057949 composite?
True
Is 21066691013 a composite number?
False
Is 2803825039 composite?
True
Is 103892221 composite?
False
Is 424278247 prime?
False
Is 12583921087 prime?
True
Is 1912877177 a prime number?
True
Is 11558550607 a prime number?
False
Is 16179211211 a prime number?
True
Is 4025608157 a composite number?
False
Is 16712092483 a prime number?
False
Is 2627762281 a composite number?
True
Is 3033581117 a prime number?
False
Is 1936104671 composite?
False
Is 68896643 composite?
True
Is 3563198597 composite?
True
Is 7614091105 prime?
False
Is 244390397 composite?
False
Is 589411527 a composite number?
True
Is 3883396213 a prime number?
False
Is 492397908791 composite?
False
Is 21543753347 prime?
True
Is 259190963 prime?
False
Is 15757773517 a prime number?
True
Is 3500862991 composite?
False
Is 39405314357 a composite number?
False
Is 145986809 a prime number?
True
Is 4571129217 prime?
False
Is 4957983361 prime?
False
Is 189927473 a prime number?
True
Is 1414240909 a composite number?
False
Is 3507206083 a composite number?
True
Is 7199687029 prime?
True
Is 1743557983 a composite number?
True
Is 88026625579 a composite number?
False
Is 22233738917 composite?
True
Is 1702505173 prime?
False
Is 3581502143 a composite number?
True
Is 4631993749 a composite number?
True
Is 9769115947 prime?
True
Is 2589388613 a composite number?
True
Is 4864924433 a prime number?
False
Is 6269876119 prime?
False
Is 61490467 composite?
True
Is 636718757 a prime number?
True
Is 344083297 composite?
False
Is 92940958211 a prime number?
False
Is 1244867629 a prime number?
False
Is 765818463 a composite number?
True
Is 10697439439 a composite number?
False
Is 5459097659 a composite number?
False
Is 19988769553 composite?
True
Is 395445053 prime?
True
Is 9481511983 a composite number?
True
Is 2034378391 a composite number?
True
Is 9752720639 composite?
False
Is 11277783553 a composite number?
True
Is 35823426271 prime?
True
Is 11884200353 prime?
False
Is 8205036953 a composite number?
True
Is 2371650803 a prime number?
False
Is 1835672219 composite?
False
Is 68749801909 a composite number?
True
Is 57639328369 prime?
False
Is 46748157493 prime?
True
Is 25957380961 composite?
False
Is 177676398299 prime?
False
Is 186526770721 a prime number?
False
Is 224365653023 a prime number?
False
Is 468106091 composite?
True
Is 3477794951 composite?
False
Is 8728933391 a composite number?
False
Is 22216625513 composite?
False
Is 46889229293 a composite number?
True
Is 22149434519 a prime number?
True
Is 6777273103 a prime number?
False
Is 23074333171 composite?
True
Is 180253769 a composite number?
False
Is 46729356411 prime?
False
Is 16458786433 a composite number?
False
Is 368494307 a prime number?
True
Is 848647247 prime?
False
Is 12650955929 a composite number?
True
Is 329979497 composite?
False
Is 263432454347 prime?
True
Is 3098282846 composite?
True
Is 6474307687 a prime number?
True
Is 207143451773 a composite number?
False
Is 10057187237 composite?
True
Is 2892571289 a prime number?
False
Is 740356423 a prime number?
True
Is 433530029 a prime number?
True
Is 865960211 composite?
False
Is 511915589 composite?
False
Is 1459987541 a prime number?
True
Is 2403203741 a composite number?
False
Is 2663332027 composite?
False
Is 1259418071 a composite number?
True
Is 4617860017 a composite number?
True
Is 130196933 composite?
False
Is 18772440131 composite?
False
Is 66118822981 a prime number?
True
Is 224790263 a composite number?
True
Is 483407013 a prime number?
False
Is 668123241 composite?
True
Is 29204389 prime?
True
Is 1478480831 composite?
False
Is 7525506151 a prime number?
True
Is 742313639 prime?
True
Is 1966610089 a composite number?
True
Is 41893689671 prime?
False
Is 637336803919 a prime number?
True
Is 5526625691 a prime number?
True
Is 25866330229 a prime number?
False
Is 186354997 a composite number?
False
Is 428654957 composite?
True
Is 29729235139 composite?
True
Is 2938698409 a prime number?
False
Is 14380206689 composite?
False
Is 61838066 composite?
True
Is 21073170253 a prime number?
True
Is 4469069951 composite?
False
Is 5167676641 a prime number?
True
Is 1312071482 composite?
True
Is 95334465649 prime?
True
Is 6171951547 prime?
True
Is 3417298403 a prime number?
False
Is 5221708537 prime?
True
Is 2832796843 prime?
False
Is 188618299 prime?
True
Is 366747413 prime?
False
Is 39532511543 composite?
True
Is 807544249 prime?
True
Is 2472117347 a prime number?
False
Is 2625928283 composite?
True
Is 628044467 a composite number?
False
Is 2752224991 a composite number?
True
Is 226811087 composite?
True
Is 73784303 a composite number?
False
Is 15898430269 a prime number?
True
Is 943535419 composite?
True
Is 39165074969 composite?
True
Is 246505223 a prime number?
False
Is 130888270643 a prime number?
False
Is 13478878379 a prime number?
False
Is 2260767881 a prime number?
True
Is 3243555339 a prime number?
False
Is 7838845279 a prime numb